+ 2*z + 2. Calculate the remainder when 6 is divided by s(2).
0
Let i = -4 + 7. Calculate the remainder when i is divided by 3.
0
Let x = -2 + 2. Suppose z - 3 = -x*z. Calculate the remainder when 8 is divided by z.
2
Suppose n = -2*n + 18. Suppose -p = 3*p - 4*y - 28, -3*p + y + 15 = 0. Calculate the remainder when n is divided by p.
2
Suppose -9*c = -44 - 19. What is the remainder when 27 is divided by c?
6
Suppose 71 = 4*w - 2*i - 15, -3*w + 59 = 4*i. Let v = 3 - 1. Suppose -v*o + 0*o = 3*c - 15, 4*c = -12. Calculate the remainder when w is divided by o.
9
Let v = -100 + 32. Let z be (-4)/6 - v/3. Let c = z + -1. Calculate the remainder when 61 is divided by c.
19
Let t(m) = -m**3 - 10*m**2 + 2*m - 1. Let a be t(-10). Let i = 0 - a. What is the remainder when (-1 - 1)/(4/(-82)) is divided by i?
20
Let m = -97 - -445. Calculate the remainder when (2 + 1)*m/36 is divided by 10.
9
Let r(j) = -1 - 3*j**2 + j**3 - 4 - 2*j + 2. Let n be r(4). Calculate the remainder when 7 is divided by n + -1 - (-1 - -1).
3
Let u = -29 + 17. Let f = -5 - u. Calculate the remainder when 18 is divided by f.
4
Suppose 2*n = -3*n + 210. What is the remainder when n is divided by 15?
12
What is the remainder when 97 is divided by (-52)/(-13)*(-50)/(-8)?
22
Let l(a) = 21*a**3 - 3*a**2 - 3*a + 2. What is the remainder when l(2) is divided by 39?
35
Let r(f) = -4*f + 78. Calculate the remainder when r(0) is divided by 27.
24
Let v = -74 + 113. Let q = -1009 - -1019. What is the remainder when v is divided by q?
9
Let f = 65 + -37. What is the remainder when f is divided by (-145)/(-15) - (-1)/3?
8
Let z = -22 - -25. Suppose 0*d - 18 = -z*d. Calculate the remainder when 21 is divided by d.
3
Suppose -5 = 5*h, 15 = 3*j + j + h. Suppose -j*n - 3 - 1 = 0, -13 = -m - 4*n. Calculate the remainder when m is divided by 5.
2
Calculate the remainder when 3/5 + (-960)/(-25) + 3 is divided by 16.
10
Let n = -31 - -46. Suppose 0 = -i - a + 3, 5*i - a - 33 = 0. What is the remainder when n is divided by i?
3
Suppose 0 = 5*c + g + 2*g - 105, -4*g + 52 = 3*c. Suppose -c = 2*k - 5*k. Calculate the remainder when k is divided by 2.
0
Let j = -14 + 4. Let a = j - -27. What is the remainder when a is divided by (12/8)/((-1)/(-6))?
8
What is the remainder when ((-8)/20 + (-2)/(-10))*-5 is divided by 1?
0
Suppose 0 = r - 1, 4*k - 5*r + 11 = -38. Let w(h) = -7*h - 12. Let n be w(k). Suppose 0*z = 5*z - n. What is the remainder when z is divided by 8?
5
Let t be 33 - (-4 + (-2 - -3)). Let w = t - 24. Calculate the remainder when 46 is divided by w.
10
Let m be (-6)/12 - 15/6. What is the remainder when 41 is divided by (m + 14)/1 + 0?
8
Let j(c) = c**2 + 12*c + 12. Let k be j(-10). Let r = k + 18. Calculate the remainder when 54/(-2)*(-4)/6 is divided by r.
8
Let v(j) = j**2 + 4*j. Let p be v(-6). Let f = p + 5. What is the remainder when 33 is divided by f?
16
Let j = -3 - -14. Suppose 0 = 5*n - b - j, -b - 3 = -2*n - 1. Let k = n - -4. What is the remainder when k is divided by 4?
3
Suppose -2*l + 7*l = 115. What is the remainder when l is divided by (104/(-12))/(12/(-18))?
10
Let g be (-4)/((-3)/((-36)/(-3))). Let u = g - -6. Calculate the remainder when u is divided by 6.
4
Suppose -5*l + 14 = -16. Suppose -l*t = -4*t - 86. What is the remainder when t is divided by 16 + (2/2 - 2)?
13
Let d = 25 - 16. Let a(v) = -2*v + 7. What is the remainder when a(-5) is divided by d?
8
Calculate the remainder when 49 is divided by (0 - 3)/((-162)/(-56) - 3).
21
Suppose 4*q = 40 + 8. Calculate the remainder when 20 is divided by q.
8
Let r(q) = q**3 - q**2 + q + 9. What is the remainder when r(0) is divided by 4?
1
Let x be (-4)/6 + (-161)/(-21). Suppose 0 = -4*d + 5*z + 16, 15 = 2*d + z - x. Calculate the remainder when d is divided by 3.
0
Let w = 14 + -10. Suppose -5*n + w*k - 1 = 0, n - 6*k = -k - 17. Calculate the remainder when 8 is divided by n.
2
Let v = -26 - -13. What is the remainder when 25 is divided by v/(-4)*(4 - 0)?
12
Let l = 15 + 18. Calculate the remainder when 63 is divided by l.
30
Suppose -5*x + 45 = -25. Let v = -2 + 6. What is the remainder when x is divided by v?
2
Let s(i) = -i. Let k be (1 - (-2)/4)*-2. What is the remainder when s(k) is divided by 2?
1
Let r be 1/((-1)/50*-2). Suppose -t + r + 3 = 0. Suppose -39 + 4 = -4*y + i, 4*i - 10 = y. What is the remainder when t is divided by y?
8
Let w be (-3)/(-6)*(-1 - -19). Let j = w + -4. Suppose 3*g = 10 - 1. What is the remainder when j is divided by g?
2
Suppose 4*g - 45 = -1. Let l = 0 + g. Let m(w) = -w**2 - 12*w - 3. What is the remainder when m(-5) is divided by l?
10
What is the remainder when 5 is divided by (-1 - -4) + (12 - 11)?
1
Suppose 2*l = -w + 17, 5*l - 5*w - 39 = -4*w. Let h = 17 - l. Calculate the remainder when 17 is divided by h.
8
Let d(k) = -k**2 + 5*k + 5. Let n be d(5). Suppose -2*f = 4*r - 42, r + n = f + 17. Let j = r + 0. What is the remainder when j is divided by 6?
5
Suppose 0 = -z + d + 1, -25 - 20 = -5*z - 3*d. Let s = -71 + 86. What is the remainder when s is divided by z?
3
Let x(w) be the third derivative of -w**4/8 - w**3/6 - 6*w**2. What is the remainder when x(-6) is divided by 6?
5
What is the remainder when 24 is divided by 1/3 - (188/(-12) - -3)?
11
Let s(o) = o**2 + 4*o - 2. Let g be s(-5). Suppose 0 = -2*q - 3*u - 509, -4*q - u = -g*u + 994. Let l = -173 - q. What is the remainder when l is divided by 26?
25
Suppose -5 = -0*g - g. Suppose -2*l - 44 = -i - g*l, 3*i - 102 = -3*l. Calculate the remainder when 86 is divided by i.
28
Suppose -14*b + 60 = -11*b. Calculate the remainder when b is divided by 6.
2
Let r(j) = -j**3 - 4*j**2 + 3*j + 5. Let o = 2 + -4. Calculate the remainder when 10*o*22/(-10) is divided by r(-5).
14
Calculate the remainder when (30 - 37)/((-2)/18) is divided by 17.
12
Suppose 156 = -0*z + 3*z. Calculate the remainder when z is divided by 18.
16
Let c be (30/20)/((-2)/(-16)). Let v = c - 7. What is the remainder when v is divided by 3?
2
Let v be ((0/2)/2)/(-2). Suppose 2*k = -4*g + 18, k + v*k = g - 6. What is the remainder when 9 is divided by g?
4
Let i(t) = 2*t**2 + 2*t + 2. Calculate the remainder when 11 is divided by i(-2).
5
Let k = 56 - 41. Let n = 4 - 2. Suppose 2*w + n*w - 232 = 0. What is the remainder when w is divided by k?
13
Let s = -3 - -7. Let x = s - 2. Suppose 0 = -17*w + 68 - 17. Calculate the remainder when w is divided by x.
1
Suppose p = -0*p + 2. Suppose -w + 4*w - 15 = 2*r, 0 = 2*w - 10. Suppose r = -3*l - 2*q + 19, 3*q + p = q. Calculate the remainder when 26 is divided by l.
5
Let h = 282 - 247. Calculate the remainder when h is divided by (-3)/6*36/(-2).
8
Suppose -5*p + 260 = -2*h, 3*h - 226 = -4*p + h. What is the remainder when p is divided by 4?
2
Let k(o) = o**3 - o + 65. What is the remainder when k(0) is divided by (-11)/(-3)*(7 + -1)?
21
Let s(q) = -q**2 - 15*q - 13. What is the remainder when s(-7) is divided by 9?
7
Let q = -4 + 5. Let z be ((-2)/(-4)*10)/q. Suppose z*s + 34 - 119 = 0. Calculate the remainder when 50 is divided by s.
16
Let w(i) = 3*i + 4. Let z(v) = 6*v - 14. What is the remainder when z(13) is divided by w(6)?
20
Let w = -21 + 41. Calculate the remainder when 57 is divided by w.
17
Suppose 1 + 0 = -4*w + 3*i, 0 = -w - i + 5. What is the remainder when 4 is divided by w?
0
Let m(f) = -f**2 - 6*f - 4. Suppose -2*n + 0 = 2. Calculate the remainder when m(-3) is divided by 5 + 1 + (-5 - n).
1
Suppose -7*q + 29 + 27 = 0. Calculate the remainder when 31 is divided by q.
7
Suppose 6*x - 14 = 4*x. Suppose 2*l = 7*l, w = -3*l + x. What is the remainder when w is divided by 4?
3
Let w = 36 - 25. Calculate the remainder when w is divided by 3.
2
Let o(m) = m**2 - 8*m - 4. Let l be o(9). Let u(r) = -r**3 + 6*r**2 - 2*r - 10. Let y(c) = -c**2 - 9*c - 7. What is the remainder when y(-7) is divided by u(l)?
2
Let y = 7 + -3. Suppose -c - 2*k + 35 = 0, -4*k - k + 149 = y*c. Calculate the remainder when c is divided by 21.
20
Let h = 13 - -5. What is the remainder when h is divided by 10 - (0 - (3 - 3))?
8
Suppose 2*r = -r + 6. Suppose -2 = r*u + 4. Calculate the remainder when 35 is divided by (0 - -2) + (-48)/u.
17
Let q be (2/(-5))/(3/150). Let c = -12 - q. What is the remainder when 15 is divided by c?
7
Let p(q) be